{"id":650,"date":"2022-06-26T18:17:19","date_gmt":"2022-06-26T18:17:19","guid":{"rendered":"https:\/\/www.baduno.com\/product\/le-plan-daffaires-google\/"},"modified":"2022-06-26T18:17:19","modified_gmt":"2022-06-26T18:17:19","slug":"the-google-business-blueprint-2","status":"publish","type":"product","link":"https:\/\/www.baduno.com\/fr\/produit\/the-google-business-blueprint-2\/","title":{"rendered":"Le plan d&rsquo;affaires Google+"},"content":{"rendered":"<p>Lanc\u00e9 en juin 2011, Google+ est un nouveau r\u00e9seau social qui attire s\u00e9rieusement l&rsquo;attention des sp\u00e9cialistes du marketing. En quelques mois seulement, la plateforme a rassembl\u00e9 plus de 40 millions d&rsquo;utilisateurs, soit pr\u00e8s d&rsquo;un tiers des 135 millions de membres de LinkedIn. Malgr\u00e9 cette croissance impressionnante, l&rsquo;adoption de Google+ n&rsquo;est pas encore comparable \u00e0 celle de Facebook, qui compte plus de 800 millions d&rsquo;utilisateurs. Mais qui sait ce qui va se passer ensuite et pouvez-vous vous permettre de l&rsquo;ignorer ?<\/p>\n","protected":false},"excerpt":{"rendered":"<p>D\u00e9but novembre, Google+ a finalement mis en place les pages professionnelles. D\u00e9sormais, la plateforme permet non seulement aux entreprises de cr\u00e9er des pages, mais elle les encourage \u00e9galement \u00e0 d\u00e9velopper leur audience. \u00ab\u00a0Je m&rsquo;attends \u00e0 ce que les marques le remarquent et construisent des plans marketing autour de cela\u00a0\u00bb, a d\u00e9clar\u00e9 Bradley Horowitz, vice-pr\u00e9sident des produits chez Google+ dans un article du New York Times. Sa d\u00e9claration renforce d\u00e9finitivement le potentiel du r\u00e9seau social \u00e0 des fins de marketing.<\/p>\n","protected":false},"featured_media":355,"comment_status":"open","ping_status":"closed","template":"","meta":[],"product_cat":[61],"product_tag":[],"class_list":{"0":"post-650","1":"product","2":"type-product","3":"status-publish","4":"has-post-thumbnail","6":"product_cat-marketing-social-en-ligne","8":"first","9":"instock","10":"sale","11":"downloadable","12":"shipping-taxable","13":"purchasable","14":"product-type-simple"},"_links":{"self":[{"href":"https:\/\/www.baduno.com\/fr\/wp-json\/wp\/v2\/product\/650","targetHints":{"allow":["GET"]}}],"collection":[{"href":"https:\/\/www.baduno.com\/fr\/wp-json\/wp\/v2\/product"}],"about":[{"href":"https:\/\/www.baduno.com\/fr\/wp-json\/wp\/v2\/types\/product"}],"replies":[{"embeddable":true,"href":"https:\/\/www.baduno.com\/fr\/wp-json\/wp\/v2\/comments?post=650"}],"wp:featuredmedia":[{"embeddable":true,"href":"https:\/\/www.baduno.com\/fr\/wp-json\/wp\/v2\/media\/355"}],"wp:attachment":[{"href":"https:\/\/www.baduno.com\/fr\/wp-json\/wp\/v2\/media?parent=650"}],"wp:term":[{"taxonomy":"product_cat","embeddable":true,"href":"https:\/\/www.baduno.com\/fr\/wp-json\/wp\/v2\/product_cat?post=650"},{"taxonomy":"product_tag","embeddable":true,"href":"https:\/\/www.baduno.com\/fr\/wp-json\/wp\/v2\/product_tag?post=650"}],"curies":[{"name":"wp","href":"https:\/\/api.w.org\/{rel}","templated":true}]}}

<p>Lancé en juin 2011, Google+ est un nouveau réseau social qui attire sérieusement l&rsquo;attention des spécialistes du marketing. En quelques mois seulement, la plateforme a rassemblé plus de 40 millions d&rsquo;utilisateurs, soit près d&rsquo;un tiers des 135 millions de membres de LinkedIn. Malgré cette croissance impressionnante, l&rsquo;adoption de Google+ n&rsquo;est pas encore comparable à celle de Facebook, qui compte plus de 800 millions d&rsquo;utilisateurs. Mais qui sait ce qui va se passer ensuite et pouvez-vous vous permettre de l&rsquo;ignorer ?</p>

<p>Début novembre, Google+ a finalement mis en place les pages professionnelles. Désormais, la plateforme permet non seulement aux entreprises de créer des pages, mais elle les encourage également à développer leur audience. « Je m&rsquo;attends à ce que les marques le remarquent et construisent des plans marketing autour de cela », a déclaré Bradley Horowitz, vice-président des produits chez Google+ dans un article du New York Times. Sa déclaration renforce définitivement le potentiel du réseau social à des fins de marketing.</p>
